{"id":256,"date":"2025-11-10T19:39:22","date_gmt":"2025-11-10T19:39:22","guid":{"rendered":"https:\/\/puhkukuslohusalus.ee\/about\/"},"modified":"2025-11-10T19:39:55","modified_gmt":"2025-11-10T19:39:55","slug":"about","status":"publish","type":"page","link":"https:\/\/puhkukuslohusalus.ee\/?page_id=256","title":{"rendered":"About"},"content":{"rendered":"\n<div class=\"wp-block-uagb-container uagb-block-48f09e77 alignfull uagb-is-root-container\"><div class=\"uagb-container-inner-blocks-wrap\">\n<div class=\"wp-block-uagb-advanced-heading uagb-block-a606d50e\"><p class=\"uagb-desc-text\">Puhkus<\/p><h1 class=\"uagb-heading-text\">Tule ja koge Lohusalu ilu!<\/h1><\/div>\n<\/div><\/div>\n\n\n\n<div class=\"wp-block-uagb-container uagb-block-3ec541a0 alignfull uagb-is-root-container\">\n<div class=\"wp-block-uagb-container uagb-block-ecbd7e76\">\n<div class=\"wp-block-uagb-info-box uagb-block-15ed7467 uagb-infobox__content-wrap  uagb-infobox-icon-above-title uagb-infobox-image-valign-top\"><div class=\"uagb-ifb-content\"><div class=\"uagb-ifb-title-wrap\"><p class=\"uagb-ifb-title-prefix\">Meie lugu<\/p><h2 class=\"uagb-ifb-title\">Ristikivi maja \u2013 looduslik pelgupaik<\/h2><\/div><p class=\"uagb-ifb-desc\">Ristikivi maja pakub ainulaadset majutust Lohusalus, kus looduse ilu ja rahu kohtuvad. Meie teenused h\u00f5lmavad mugavaid tube, avarat \u00f5ueala, grillimisv\u00f5imalusi ja jalgrattateid. Meie p\u00fchendumine kvaliteedile ja k\u00fclalislahkusele tagab, et iga k\u00fclastaja lahkub meie juurest rahulolevana ja v\u00e4rskendatuna.<br><br>Meie k\u00fclalised hindavad vaikust ja loodust, nautides unustamatuid hetki ja muljeid.<\/p><\/div><\/div>\n<\/div>\n<\/div>\n\n\n\n<div class=\"wp-block-uagb-container uagb-layout-grid uagb-block-cccfb855 alignfull uagb-is-root-container\"><div class=\"uagb-container-inner-blocks-wrap\">\n<div class=\"wp-block-uagb-image uagb-block-44e7a3be wp-block-uagb-image--layout-default wp-block-uagb-image--effect-static wp-block-uagb-image--align-none\"><figure class=\"wp-block-uagb-image__figure\"><img decoding=\"async\" srcset=\"https:\/\/puhkukuslohusalus.ee\/wp-content\/uploads\/2025\/11\/IMG_20250817_144345-scaled.jpg ,https:\/\/puhkukuslohusalus.ee\/wp-content\/uploads\/2025\/11\/IMG_20250817_144345-scaled.jpg 780w, https:\/\/puhkukuslohusalus.ee\/wp-content\/uploads\/2025\/11\/IMG_20250817_144345-scaled.jpg 360w\" sizes=\"auto, (max-width: 480px) 150px\" src=\"https:\/\/puhkukuslohusalus.ee\/wp-content\/uploads\/2025\/11\/IMG_20250817_144345-scaled.jpg\" alt=\"IMG 20250817 144345 Scaled\" class=\"uag-image-13\" width=\"600\" height=\"550\" title=\"our-story\" loading=\"lazy\" role=\"img\"><\/figure><\/div>\n\n\n\n<div class=\"wp-block-uagb-info-box uagb-block-1f24e138 uagb-infobox__content-wrap  uagb-infobox-icon-above-title uagb-infobox-image-valign-top\"><div class=\"uagb-ifb-content\"><div class=\"uagb-ifb-title-wrap\"><p class=\"uagb-ifb-title-prefix\">Meie ajalugu<\/p><h2 class=\"uagb-ifb-title\">Kuidas Ristikivi maja sai alguse<\/h2><\/div><p class=\"uagb-ifb-desc\">Ristikivi maja avas oma uksed 2020. aastal, pakkudes hubast majutust ja rahulikku keskkonda. Meie eesm\u00e4rgiks on olnud alati luua koht, kus inimesed saavad nautida kaunist loodust ja l\u00f5\u00f5gastuda eemal linnak\u00e4rast. Alates avamisest on meil olnud au teenindada sadu rahulolevaid k\u00fclalisi.<br><br>Meie lugu on t\u00e4histanud kasvu ja p\u00fchendumist, t\u00e4histades iga k\u00fclalist ja nende mugavust.<\/p><\/div><\/div>\n<\/div><\/div>\n\n\n\n<div class=\"wp-block-uagb-container uagb-layout-grid uagb-block-d8faffdc alignfull uagb-is-root-container\"><div class=\"uagb-container-inner-blocks-wrap\">\n<div class=\"wp-block-uagb-advanced-heading uagb-block-a232c1da\"><p class=\"uagb-desc-text\">Meie Missioon<\/p><h2 class=\"uagb-heading-text\">Tagada parim puhkus ja loodusl\u00e4hedus oma k\u00fclalistele.<\/h2><\/div>\n\n\n\n<div class=\"wp-block-uagb-container uagb-block-b3bbed70\">\n<div class=\"wp-block-uagb-advanced-heading uagb-block-80068c07\"><h3 class=\"uagb-heading-text\">Meie missioon<\/h3><p class=\"uagb-desc-text\">Meie missioon on pakkuda k\u00fclastajatele erilise atmosf\u00e4\u00e4riga majutust, kus nad saavad nautida looduskauneid hetki ning leida rahu ja tasakaalu eluraskustes.<\/p><div class=\"uagb-separator\"><\/div><\/div>\n\n\n\n<div class=\"wp-block-uagb-advanced-heading uagb-block-dd3a82a5\"><h3 class=\"uagb-heading-text\">Meie v\u00e4\u00e4rtused<\/h3><p class=\"uagb-desc-text\">Hindame ausust, k\u00fclalislahkust ja loodushoidu. Meie eesm\u00e4rk on pakkuda k\u00f5ikidele k\u00fclastajatele suurep\u00e4raseid kogemusi, hoidudes samas meie \u00fcmbruse looduse ja ilu v\u00e4\u00e4rtustamisest.<\/p><\/div>\n<\/div>\n<\/div><\/div>\n\n\n\n<div class=\"wp-block-uagb-container uagb-block-9c27b936 alignfull uagb-is-root-container\"><div class=\"uagb-container-inner-blocks-wrap\">\n<div class=\"wp-block-uagb-info-box uagb-block-51fe0c8f uagb-infobox__content-wrap  uagb-infobox-icon-above-title uagb-infobox-image-valign-top\"><div class=\"uagb-ifb-content\"><div class=\"uagb-ifb-title-wrap\"><h2 class=\"uagb-ifb-title\">\u00c4ra j\u00e4ta kasutamata v\u00f5imalust!<\/h2><\/div><p class=\"uagb-ifb-desc\">Broneeri oma unistuste puhkuse kohal juba t\u00e4na ja naudi Lohusaluse rahu!<\/p><div class=\"uagb-ifb-button-wrapper wp-block-button\"><a href=\"\/contact\/\" class=\"uagb-infobox-cta-link wp-block-button__link\" target=\"_self\" rel=\"noopener noreferrer\" onclick=\"return true;\" alt=\"\"><span class=\"uagb-inline-editing\">Broneeri n\u00fc\u00fcd<\/span><\/a><\/div><\/div><\/div>\n<\/div><\/div>\n","protected":false},"excerpt":{"rendered":"<p>Puhkus Tule ja koge Lohusalu ilu! Meie Missioon Tagada parim puhkus ja loodusl\u00e4hedus oma k\u00fclalistele. Meie missioon Meie missioon on [&hellip;]<\/p>\n","protected":false},"author":1,"featured_media":0,"parent":0,"menu_order":0,"comment_status":"closed","ping_status":"closed","template":"","meta":{"_uag_custom_page_level_css":"","site-sidebar-layout":"default","site-content-layout":"","ast-site-content-layout":"default","site-content-style":"default","site-sidebar-style":"default","ast-global-header-display":"","ast-banner-title-visibility":"","ast-main-header-display":"","ast-hfb-above-header-display":"","ast-hfb-below-header-display":"","ast-hfb-mobile-header-display":"","site-post-title":"disabled","ast-breadcrumbs-content":"","ast-featured-img":"","footer-sml-layout":"","theme-transparent-header-meta":"","adv-header-id-meta":"","stick-header-meta":"","header-above-stick-meta":"","header-main-stick-meta":"","header-below-stick-meta":"","astra-migrate-meta-layouts":"default","ast-page-background-enabled":"default","ast-page-background-meta":{"desktop":{"background-color":"var(--ast-global-color-4)","background-image":"","background-repeat":"repeat","background-position":"center center","background-size":"auto","background-attachment":"scroll","background-type":"","background-media":"","overlay-type":"","overlay-color":"","overlay-opacity":"","overlay-gradient":""},"tablet":{"background-color":"","background-image":"","background-repeat":"repeat","background-position":"center center","background-size":"auto","background-attachment":"scroll","background-type":"","background-media":"","overlay-type":"","overlay-color":"","overlay-opacity":"","overlay-gradient":""},"mobile":{"background-color":"","background-image":"","background-repeat":"repeat","background-position":"center center","background-size":"auto","background-attachment":"scroll","background-type":"","background-media":"","overlay-type":"","overlay-color":"","overlay-opacity":"","overlay-gradient":""}},"ast-content-background-meta":{"desktop":{"background-color":"var(--ast-global-color-5)","background-image":"","background-repeat":"repeat","background-position":"center center","background-size":"auto","background-attachment":"scroll","background-type":"","background-media":"","overlay-type":"","overlay-color":"","overlay-opacity":"","overlay-gradient":""},"tablet":{"background-color":"var(--ast-global-color-5)","background-image":"","background-repeat":"repeat","background-position":"center center","background-size":"auto","background-attachment":"scroll","background-type":"","background-media":"","overlay-type":"","overlay-color":"","overlay-opacity":"","overlay-gradient":""},"mobile":{"background-color":"var(--ast-global-color-5)","background-image":"","background-repeat":"repeat","background-position":"center center","background-size":"auto","background-attachment":"scroll","background-type":"","background-media":"","overlay-type":"","overlay-color":"","overlay-opacity":"","overlay-gradient":""}},"footnotes":""},"class_list":["post-256","page","type-page","status-publish","hentry"],"uagb_featured_image_src":{"full":false,"thumbnail":false,"medium":false,"medium_large":false,"large":false,"1536x1536":false,"2048x2048":false},"uagb_author_info":{"display_name":"PuhkusLohusalus","author_link":"https:\/\/puhkukuslohusalus.ee\/?author=1"},"uagb_comment_info":0,"uagb_excerpt":"Puhkus Tule ja koge Lohusalu ilu! Meie Missioon Tagada parim puhkus ja loodusl\u00e4hedus oma k\u00fclalistele. Meie missioon Meie missioon on [&hellip;]","_links":{"self":[{"href":"https:\/\/puhkukuslohusalus.ee\/index.php?rest_route=\/wp\/v2\/pages\/256","targetHints":{"allow":["GET"]}}],"collection":[{"href":"https:\/\/puhkukuslohusalus.ee\/index.php?rest_route=\/wp\/v2\/pages"}],"about":[{"href":"https:\/\/puhkukuslohusalus.ee\/index.php?rest_route=\/wp\/v2\/types\/page"}],"author":[{"embeddable":true,"href":"https:\/\/puhkukuslohusalus.ee\/index.php?rest_route=\/wp\/v2\/users\/1"}],"replies":[{"embeddable":true,"href":"https:\/\/puhkukuslohusalus.ee\/index.php?rest_route=%2Fwp%2Fv2%2Fcomments&post=256"}],"version-history":[{"count":3,"href":"https:\/\/puhkukuslohusalus.ee\/index.php?rest_route=\/wp\/v2\/pages\/256\/revisions"}],"predecessor-version":[{"id":542,"href":"https:\/\/puhkukuslohusalus.ee\/index.php?rest_route=\/wp\/v2\/pages\/256\/revisions\/542"}],"wp:attachment":[{"href":"https:\/\/puhkukuslohusalus.ee\/index.php?rest_route=%2Fwp%2Fv2%2Fmedia&parent=256"}],"curies":[{"name":"wp","href":"https:\/\/api.w.org\/{rel}","templated":true}]}}